{"id":14,"date":"2025-01-08T21:39:27","date_gmt":"2025-01-08T21:39:27","guid":{"rendered":"https:\/\/infoextranjeriazaragoza.es\/?page_id=14"},"modified":"2025-01-08T21:43:14","modified_gmt":"2025-01-08T21:43:14","slug":"aviso-legal","status":"publish","type":"page","link":"https:\/\/infoextranjeriazaragoza.es\/index.php\/aviso-legal\/","title":{"rendered":"Aviso legal"},"content":{"rendered":"\n<h1 class=\"wp-block-heading has-accent-color has-text-color has-link-color wp-elements-52381453edfd4e389d3bd8681e5ef9a1\">Datos del titular de la p\u00e1gina<\/h1>\n\n\n\n<p>En cumplimiento con el deber de informaci\u00f3n recogido en art\u00edculo 10 de la Ley 34\/2002, de 11 de Julio, de Servicios de la Sociedad de la Informaci\u00f3n y de Comercio Electr\u00f3nico, se informa que la abogada ALINA MANUELA SASU con NIE X9125824E Dir. postal: C\/Jos\u00e9 Luis Albareda 7 4,1\u00ba A, 50004 Zaragoza , tel\u00e9fono 606012096 y correo electr\u00f3nico alinasasu@reicaz.com es la titular de la p\u00e1gina cuyo nombre de dominio es&nbsp;www.infoextranjeriazaragoza.es, con domicilio en Zaragoza.<\/p>\n\n\n\n<h2 class=\"wp-block-heading has-accent-color has-text-color has-link-color wp-elements-48a29f0f91ae33ce8f8cf8c566151fc7\">Usuarios<\/h2>\n\n\n\n<p>El acceso y\/o uso de los portales de&nbsp;www.infoextranjeriazaragoza.es&nbsp;atribuye la condici\u00f3n de USUARIO, que acepta, desde dicho acceso y\/o uso, las Condiciones Generales de Uso aqu\u00ed reflejadas.<\/p>\n\n\n\n<h2 class=\"wp-block-heading has-accent-color has-text-color has-link-color wp-elements-680fd7d875e24697101dedb551595850\">Uso del portal<\/h2>\n\n\n\n<p>La p\u00e1gina&nbsp;www.infoextranjeriazaragoza.es&nbsp;proporciona el acceso a multitud de informaciones, servicios, programas o datos (en adelante, \u00ablos contenidos\u00bb) en Internet pertenecientes a Alina Manuela Sasu, a los que el USUARIO puede tener acceso.<\/p>\n\n\n\n<p>El USUARIO asume la responsabilidad del uso de la p\u00e1gina&nbsp;www.infoextranjeriazaragoza.es. Dicha responsabilidad se extiende al registro que fuese necesario para acceder a determinados servicios o contenidos. En dicho registro el USUARIO ser\u00e1 responsable de aportar informaci\u00f3n veraz y l\u00edcita.<\/p>\n\n\n\n<p><br>Como consecuencia de este registro, al USUARIO se le puede proporcionar una contrase\u00f1a de la que ser\u00e1 responsable, comprometi\u00e9ndose a hacer un uso diligente y confidencial de la misma. <\/p>\n\n\n\n<p>El USUARIO se compromete a hacer un uso adecuado de los contenidos y servicios que Alina Manuela Sasu ofrece a trav\u00e9s de su p\u00e1gina web y con car\u00e1cter enunciativo pero no limitativo, a no emplearlos para (1) incurrir en actividades il\u00edcitas, ilegales o contrarias a la buena fe y al orden p\u00fablico; (2) difundir contenidos o propaganda de car\u00e1cter racista, xen\u00f3fobo, pornogr\u00e1fico-ilegal, de apolog\u00eda del terrorismo o atentatorio contra los derechos humanos; (3) provocar da\u00f1os en los sistemas f\u00edsicos y l\u00f3gicos de Alina Manuela Sasu, de sus proveedores o de terceras personas, introducir o difundir en la red virus inform\u00e1ticos o cualesquiera otros sistemas f\u00edsicos o l\u00f3gicos que sean susceptibles de provocar los da\u00f1os anteriormente mencionados; (4) intentar acceder y, en su caso, utilizar las cuentas de correo electr\u00f3nico de otros usuarios y modificar o manipular sus mensajes.<\/p>\n\n\n\n<p>Alina Manuela Sasu se reserva el derecho de retirar todos aquellos comentarios y aportaciones que vulneren el respeto a la dignidad de la persona, que sean discriminatorios, xen\u00f3fobos, racistas, pornogr\u00e1ficos, que atenten contra la juventud o la infancia, el orden o la seguridad p\u00fablica o que, a su juicio, no resultaran adecuados para su publicaci\u00f3n.<\/p>\n\n\n\n<p>En cualquier caso, Alina Manuela Sasu no ser\u00e1 responsable de las opiniones vertidas por los usuarios a trav\u00e9s de los foros, chats, u otras herramientas de participaci\u00f3n.<\/p>\n\n\n\n<h2 class=\"wp-block-heading has-accent-color has-text-color has-link-color wp-elements-e3e6523576e04cb9bda9f3e48366291e\">Protecci\u00f3n de datos<\/h2>\n\n\n\n<p>Alina Manuela Sasu, de conformidad con el art\u00edculo 13 del Reglamento General de Protecci\u00f3n de datos (Reglamento (UE) 2016\/679 de 27 de abril de 2016 relativo a la protecci\u00f3n de las personas f\u00edsicas en lo que respecta al tratamiento de datos personales y a la libre circulaci\u00f3n de estos datos) le informamos que en Alina Manuela Sasu, estamos comprometidos con la protecci\u00f3n de la informaci\u00f3n que gestionamos no solo por el debido cumplimiento de la normativa que nos regula, sino por la confidencialidad de los datos personales que nos son encomendados, de forma concreta por la informaci\u00f3n que recibimos a trav\u00e9s de nuestra p\u00e1gina web. <\/p>\n\n\n\n<p>Para ello, junto a cada formulario de recabo de datos de car\u00e1cter personal, en los servicios que el USUARIO pueda solicitar a Alina Manuela Sasu har\u00e1 saber al USUARIO de la existencia y aceptaci\u00f3n de las condiciones particulares del tratamiento de sus datos en cada caso, inform\u00e1ndole de la responsabilidad del fichero creado, la direcci\u00f3n del responsable, la posibilidad de ejercer sus derechos de acceso, rectificaci\u00f3n, cancelaci\u00f3n u oposici\u00f3n, la finalidad del tratamiento y las comunicaciones de datos a terceros en su caso.<\/p>\n\n\n\n<p>Asimismo, Alina Manuela Sasu, informa que da cumplimiento a la Ley 34\/2002 de 11 de julio, de Servicios de la Sociedad de la Informaci\u00f3n y el Comercio Electr\u00f3nico y le solicitar\u00e1 su consentimiento al tratamiento de su correo electr\u00f3nico con fines comerciales en cada momento.<\/p>\n\n\n\n<h2 class=\"wp-block-heading has-accent-color has-text-color has-link-color wp-elements-9544f0e701650dad618bf1eb5d43fe07\">Propiedad intelectual e industrial<\/h2>\n\n\n\n<p>Abogada ALINA MANUELA SASU por s\u00ed, es propietaria de todos los derechos de propiedad intelectual e industrial de su p\u00e1gina webs, as\u00ed como de los elementos contenidos en ellas (a t\u00edtulo enunciativo, im\u00e1genes, sonido, audio, v\u00eddeo, software o textos; marcas o logotipos, combinaciones de colores, estructura y dise\u00f1o, selecci\u00f3n de materiales usados, programas de ordenador necesarios para su funcionamiento, acceso y uso, etc.), titularidad de la Abogada ALINA MANUELA SASU.<\/p>\n\n\n\n<p>Todos los derechos reservados. En virtud de lo dispuesto en los art\u00edculos 8 y 32.1, p\u00e1rrafo segundo, de la Ley de Propiedad Intelectual, quedan expresamente prohibidas la reproducci\u00f3n, la distribuci\u00f3n y la comunicaci\u00f3n p\u00fablica, incluida su modalidad de puesta a disposici\u00f3n, de la totalidad o parte de los contenidos de esta p\u00e1gina web, con fines comerciales, en cualquier soporte y por cualquier medio t\u00e9cnico, sin la autorizaci\u00f3n de Abogada ALINA MANUELA SASU, se compromete a respetar los derechos de Propiedad Intelectual e Industrial titularidad de Abogada ALINA MANUELA SASU.<\/p>\n\n\n\n<p>Podr\u00e1 visualizar los elementos de la p\u00e1gina web e incluso imprimirlos, copiarlos y almacenarlos en el disco duro de su ordenador o en cualquier otro soporte f\u00edsico siempre y cuando sea, \u00fanica y exclusivamente, para su uso personal y privado. El USUARIO deber\u00e1 abstenerse de suprimir, alterar, eludir o manipular cualquier dispositivo de protecci\u00f3n o sistema de seguridad que estuviera instalado en el las p\u00e1ginas de&nbsp;www.infoextranjeriazaragoza.es<\/p>\n\n\n\n<h2 class=\"wp-block-heading has-accent-color has-text-color has-link-color wp-elements-19069a1d6848bb3d0c1b87a2eed67a67\">Exclusi\u00f3n de garant\u00edas y responsabilidad<\/h2>\n\n\n\n<p>Alina Manuela Sasu no se hace responsable, en ning\u00fan caso, de los da\u00f1os y perjuicios de cualquier naturaleza que pudieran ocasionar, a t\u00edtulo enunciativo: errores u omisiones en los contenidos, falta de disponibilidad del portal o la transmisi\u00f3n de virus o programas maliciosos o lesivos en los contenidos, a pesar de haber adoptado todas las medidas tecnol\u00f3gicas necesarias para evitarlo.<\/p>\n\n\n\n<h2 class=\"wp-block-heading has-accent-color has-text-color has-link-color wp-elements-c679117d680199ae7b73cb15819c690c\">Modificaciones<\/h2>\n\n\n\n<p>Alina Manuela Sasu se reserva el derecho de efectuar sin previo aviso las modificaciones que considere oportunas en su p\u00e1gina web, pudiendo cambiar, suprimir o a\u00f1adir tanto los contenidos y servicios que se presten a trav\u00e9s de la misma como la forma en la que \u00e9stos aparezcan presentados o localizados en su p\u00e1gina web.<\/p>\n\n\n\n<h2 class=\"wp-block-heading has-accent-color has-text-color has-link-color wp-elements-53d41b65d6deadc62c5748b61b9e5f8e\">Empleo de cookies<\/h2>\n\n\n\n<p>Alina Manuela Sasu podr\u00e1 utilizar cookies para personalizar y facilitar al m\u00e1ximo la navegaci\u00f3n del USUARIO por su p\u00e1gina web. Las cookies se asocian \u00fanicamente a un USUARIO an\u00f3nimo y su ordenador y no proporcionan referencias que permitan deducir datos personales del USUARIO. El USUARIO podr\u00e1 configurar su navegador para que notifique y rechace la instalaci\u00f3n de las cookies enviadas por Alina Manuela Sasu, sin que ello perjudique la posibilidad del USUARIO de acceder a los Contenidos.<\/p>\n\n\n\n<h2 class=\"wp-block-heading has-accent-color has-text-color has-link-color wp-elements-d265a9320139441588fd79f2d41c39df\">Enlaces<\/h2>\n\n\n\n<p>En el caso de que en la p\u00e1gina web se dispusiesen enlaces o hiperv\u00ednculos hac\u00eda otros sitios de Internet, Alina Manuela Sasu no ejercer\u00e1 ning\u00fan tipo de control sobre dichos sitios y contenidos. <\/p>\n\n\n\n<p>En ning\u00fan caso Alina Manuela Sasu asumir\u00e1 responsabilidad alguna por los contenidos de alg\u00fan enlace perteneciente a un sitio web ajeno, ni garantizar\u00e1 la disponibilidad t\u00e9cnica, calidad, fiabilidad, exactitud, amplitud, veracidad, validez y constitucionalidad de cualquier material o informaci\u00f3n contenida en ninguno de dichos hiperv\u00ednculos u otros sitios de Internet. <\/p>\n\n\n\n<p>Igualmente la inclusi\u00f3n de estas conexiones externas no implicar\u00e1 ning\u00fan tipo de asociaci\u00f3n, fusi\u00f3n o participaci\u00f3n con las entidades conectadas. Sin perjuicio de lo anterior, algunos enlaces estar\u00e1n previamente negociados o consensuados con el responsable del contenido enlazado, de forma que se genere una contraprestaci\u00f3n por las acciones realizadas libremente por el USUARIO. <\/p>\n\n\n\n<p>Esta situaci\u00f3n no afectar\u00e1 en ning\u00fan caso a la exclusi\u00f3n de responsabilidad sobre el contenido enlazado ni a la independencia de este medio de comunicaci\u00f3n.<\/p>\n\n\n\n<h2 class=\"wp-block-heading has-accent-color has-text-color has-link-color wp-elements-8a9e8e9b4197896750b18b4a59654439\">Derecho de exclusi\u00f3n<\/h2>\n\n\n\n<p>Alina Manuela Sasu, se reserva el derecho a denegar o retirar el acceso a su p\u00e1gina web y\/o los servicios ofrecidos sin necesidad de preaviso, a instancia propia o de un tercero, a aquellos usuarios que incumplan las presentes Condiciones Generales de Uso.<\/p>\n\n\n\n<h2 class=\"wp-block-heading has-accent-color has-text-color has-link-color wp-elements-1ea997b497819ebaa93c135283642eb7\">Modificaci\u00f3n de las presentes condiciones y duraci\u00f3n<\/h2>\n\n\n\n<p>Alina Manuela Sasu podr\u00e1 modificar en cualquier momento las condiciones aqu\u00ed determinadas, siendo debidamente publicadas como aqu\u00ed aparecen. La vigencia de las citadas condiciones ir\u00e1 en funci\u00f3n de su exposici\u00f3n y estar\u00e1n vigentes hasta que sean modificadas por otras debidamente publicadas.<\/p>\n\n\n\n<h2 class=\"wp-block-heading has-accent-color has-text-color has-link-color wp-elements-8f25812f343f122e8b29ddc87a9a4aef\">Legislaci\u00f3n aplicable y tribunales competentes<\/h2>\n\n\n\n<p>La legislaci\u00f3n aplicable es la espa\u00f1ola y se declara jurisdicci\u00f3n competente para la resoluci\u00f3n de cualquier tipo de controversia que se pudiera derivar de la utilizaci\u00f3n de la p\u00e1gina web&nbsp;www.infoextranjeriazaragoza.es, as\u00ed como de la contrataci\u00f3n que se pudiera realizar a trav\u00e9s de ella a los Juzgado y Tribunales de Zaragoza.<\/p>\n","protected":false},"excerpt":{"rendered":"<p>Datos del titular de la p\u00e1gina En cumplimiento con el deber de informaci\u00f3n recogido en art\u00edculo 10 de la Ley 34\/2002, de 11 de Julio, de Servicios de la Sociedad de la Informaci\u00f3n y de Comercio Electr\u00f3nico, se informa que la abogada ALINA MANUELA SASU con NIE X9125824E Dir. postal: C\/Jos\u00e9 Luis Albareda 7 4,1\u00ba &#8230; <a title=\"Aviso legal\" class=\"read-more\" href=\"https:\/\/infoextranjeriazaragoza.es\/index.php\/aviso-legal\/\" aria-label=\"Leer m\u00e1s sobre Aviso legal\">Leer m\u00e1s<\/a><\/p>\n","protected":false},"author":1,"featured_media":0,"parent":0,"menu_order":0,"comment_status":"closed","ping_status":"closed","template":"","meta":{"footnotes":""},"class_list":["post-14","page","type-page","status-publish"],"_links":{"self":[{"href":"https:\/\/infoextranjeriazaragoza.es\/index.php\/wp-json\/wp\/v2\/pages\/14","targetHints":{"allow":["GET"]}}],"collection":[{"href":"https:\/\/infoextranjeriazaragoza.es\/index.php\/wp-json\/wp\/v2\/pages"}],"about":[{"href":"https:\/\/infoextranjeriazaragoza.es\/index.php\/wp-json\/wp\/v2\/types\/page"}],"author":[{"embeddable":true,"href":"https:\/\/infoextranjeriazaragoza.es\/index.php\/wp-json\/wp\/v2\/users\/1"}],"replies":[{"embeddable":true,"href":"https:\/\/infoextranjeriazaragoza.es\/index.php\/wp-json\/wp\/v2\/comments?post=14"}],"version-history":[{"count":4,"href":"https:\/\/infoextranjeriazaragoza.es\/index.php\/wp-json\/wp\/v2\/pages\/14\/revisions"}],"predecessor-version":[{"id":97,"href":"https:\/\/infoextranjeriazaragoza.es\/index.php\/wp-json\/wp\/v2\/pages\/14\/revisions\/97"}],"wp:attachment":[{"href":"https:\/\/infoextranjeriazaragoza.es\/index.php\/wp-json\/wp\/v2\/media?parent=14"}],"curies":[{"name":"wp","href":"https:\/\/api.w.org\/{rel}","templated":true}]}}