{"id":241,"date":"2025-03-02T10:17:51","date_gmt":"2025-03-02T10:17:51","guid":{"rendered":"https:\/\/infoextranjeriazaragoza.es\/?page_id=241"},"modified":"2025-09-28T11:26:08","modified_gmt":"2025-09-28T11:26:08","slug":"tarjeta-de-familiar-de-ciudadano-de-la-union-europea","status":"publish","type":"page","link":"https:\/\/infoextranjeriazaragoza.es\/index.php\/tarjeta-de-familiar-de-ciudadano-de-la-union-europea\/","title":{"rendered":"Tarjeta de familiar de ciudadano de la Uni\u00f3n Europea"},"content":{"rendered":"\n<h1 class=\"wp-block-heading has-text-align-center has-accent-color has-text-color has-link-color wp-elements-db156b01dd3655249ee740be98abf0e9\">Tarjeta de Familiar de Ciudadano de la UE<\/h1>\n\n\n\n<div class=\"su-box su-box-style-default\" id=\"\" style=\"border-color:#0056bc;border-radius:15px;max-width:none\"><div class=\"su-box-title\" style=\"background-color:#2D89EF;color:#FFFFFF;border-top-left-radius:13px;border-top-right-radius:13px\"><\/div><div class=\"su-box-content su-u-clearfix su-u-trim\" style=\"border-bottom-left-radius:13px;border-bottom-right-radius:13px\">La Tarjeta de Familiar de Ciudadano de la UE (TFCUE) es un documento de residencia que otorga a ciertos familiares de un ciudadano de la UE el derecho a vivir y trabajar en Espa\u00f1a. Los familiares de ciudadano espa\u00f1ol o de otro Estado miembro de la Uni\u00f3n Europea, o de otro Estado parte en el Acuerdo sobre el Espacio Econ\u00f3mico Europeo o Suiza, que no ostenten la nacionalidad de uno de dichos Estados, cuando se re\u00fanan con \u00e9l o le acompa\u00f1en, y vayan a residir en Espa\u00f1a por un per\u00edodo superior a tres meses, <strong>deber\u00e1n solicitar y obtener una tarjeta de familiar de ciudadano de la Uni\u00f3n.<\/strong><\/div><\/div>\n\n\n\n<h2 class=\"wp-block-heading has-text-align-center has-accent-color has-text-color has-link-color wp-elements-fa44c3b5e658361a3f0e0cc144327884\">\u00bfQui\u00e9n puede solicitar la TFCUE?<\/h2>\n\n\n\n<p>Para poder solicitar la TFCUE, los familiares deben cumplir ciertos requisitos. En general, el solicitante debe ser el c\u00f3nyuge, la pareja registrada, el descendiente directo menor de 21 a\u00f1os, o un pariente en l\u00ednea ascendente del ciudadano de la UE o de su c\u00f3nyuge o pareja registrada.<\/p>\n\n\n\n<p>Adem\u00e1s, el solicitante debe reunir los siguientes requisitos:<\/p>\n\n\n<div class=\"su-list\" style=\"margin-left:0px\">\n<ul>\n<li><i class=\"sui sui-star\" style=\"color:#2D89EF\"><\/i> Estar en una relaci\u00f3n estable y duradera con el ciudadano de la UE<\/li>\n<li><i class=\"sui sui-star\" style=\"color:#2D89EF\"><\/i> Estar econ\u00f3micamente mantenido por el ciudadano de la UE<\/li>\n<li><i class=\"sui sui-star\" style=\"color:#2D89EF\"><\/i> No estar sujeto a inscripci\u00f3n o regulaci\u00f3n de cuotas de residencia<\/li>\n<li><i class=\"sui sui-star\" style=\"color:#2D89EF\"><\/i> Mantener un seguro de salud<\/li>\n<\/ul>\n<\/div>\n\n\n\n<h2 class=\"wp-block-heading has-text-align-center has-accent-color has-text-color has-link-color wp-elements-ce930bf40d882fcfb9d9334751c61736\">\u00bfC\u00f3mo solicitar la TFCUE?<\/h2>\n\n\n\n<p><\/p>\n\n\n\n<p>Los solicitantes pueden solicitar la TFCUE a trav\u00e9s del consulado espa\u00f1ol u una oficina local de inmigraci\u00f3n. Deber\u00e1n presentar los siguientes documentos:<\/p>\n\n\n<div class=\"su-list\" style=\"margin-left:0px\">\n<ul>\n<li><i class=\"sui sui-star\" style=\"color:#2D89EF\"><\/i> Formulario de solicitud cumplimentado, <a href=\"https:\/\/www.inclusion.gob.es\/documents\/d\/migraciones\/19-tarjeta_familiar_comunitario\" target=\"_blank\" rel=\"noopener noreferrer\">modelo EX 19<\/a>\n <\/li>\n<li><i class=\"sui sui-star\" style=\"color:#2D89EF\"><\/i> Prueba de parentesco (certificado de matrimonio, libro de familia, etc.)<\/li>\n<li><i class=\"sui sui-star\" style=\"color:#2D89EF\"><\/i> Pasaporte en vigor del solicitante.<\/li>\n<li><i class=\"sui sui-star\" style=\"color:#2D89EF\"><\/i> Documento de identidad del ciudadano de la UE, con el que van a reunirse.<\/li>\n<li><i class=\"sui sui-star\" style=\"color:#2D89EF\"><\/i> Prueba de seguro de salud<\/li>\n<li><i class=\"sui sui-star\" style=\"color:#2D89EF\"><\/i> Prueba de mantenimiento econ\u00f3mico<\/li>\n<li><i class=\"sui sui-star\" style=\"color:#2D89EF\"><\/i> Fotograf\u00edas tama\u00f1o pasaporte<\/li>\n<li><i class=\"sui sui-star\" style=\"color:#2D89EF\"><\/i> Pago de tasas<\/li>\n<\/ul>\n<\/div>\n\n\n\n<p>Es importante conocer que si se aportan documentos de otros pa\u00edses, estos deber\u00e1n estar traducidos al espa\u00f1ol por medio de un<a href=\"https:\/\/infoextranjeriazaragoza.es\/index.php\/traducator-autorizat\/\" target=\"_blank\" rel=\"noreferrer noopener\"> traductor jurado.<\/a> La solicitud debe hacerse por medio del ciudadano de la Uni\u00f3n o de otro Estado de manera personal, en la Oficina de Extranjer\u00eda o comisar\u00eda de polic\u00eda del lugar en el que pretendan residir y se deber\u00e1 hacer en el plazo de tres meses contados desde la entrada en Espa\u00f1a.<\/p>\n\n\n\n<h2 class=\"wp-block-heading has-text-align-center has-accent-color has-text-color has-link-color wp-elements-c69b9aa425c14cc55a1c1315285c4c44\">Renovaci\u00f3n y tasas de la TFCUE<\/h2>\n\n\n\n<div class=\"su-box su-box-style-default\" id=\"\" style=\"border-color:#0056bc;border-radius:15px;max-width:none\"><div class=\"su-box-title\" style=\"background-color:#2D89EF;color:#FFFFFF;border-top-left-radius:13px;border-top-right-radius:13px\"><\/div><div class=\"su-box-content su-u-clearfix su-u-trim\" style=\"border-bottom-left-radius:13px;border-bottom-right-radius:13px\">La TFCUE es v\u00e1lida por cinco a\u00f1os y puede renovarse. Adem\u00e1s, la solicitud de renovaci\u00f3n debe presentarse en la oficina local de inmigraci\u00f3n con una antelaci\u00f3n m\u00ednima de diez d\u00edas antes de que expire la tarjeta de residencia en vigor. Adem\u00e1s, la solicitud de renovaci\u00f3n debe ir acompa\u00f1ada del pago de la tasa de renovaci\u00f3n correspondiente.<\/p>\n\n\n\n<p>Las tasas de solicitud inicial y de renovaci\u00f3n de la TFCUE pueden variar y suelen depender de la composici\u00f3n familiar. El coste puede oscilar entre 10,20 y 99,75 euros. <\/div><\/div>\n\n\n\n<h2 class=\"wp-block-heading has-text-align-center has-accent-color has-text-color has-link-color wp-elements-dfc314d8a2637677a40cfa2548fbddc1\">Ventajas de tener la TFCUE<\/h2>\n\n\n\n<div class=\"su-box su-box-style-default\" id=\"\" style=\"border-color:#0056bc;border-radius:15px;max-width:none\"><div class=\"su-box-title\" style=\"background-color:#2D89EF;color:#FFFFFF;border-top-left-radius:13px;border-top-right-radius:13px\"><\/div><div class=\"su-box-content su-u-clearfix su-u-trim\" style=\"border-bottom-left-radius:13px;border-bottom-right-radius:13px\">Tener la TFCUE significa que su titular tiene derecho a desplazarse y residir en Espa\u00f1a, trabajar en el pa\u00eds sin necesidad de un permiso de trabajo, acceder al sistema de seguridad social, tener derecho a prestaciones sociales y viajar por el espacio Schengen sin visado.<\/p>\n\n\n\n<p>Adem\u00e1s, el titular de la TFCUE puede solicitar que le acompa\u00f1en otros miembros de su familia, siempre que se pueda demostrar la relaci\u00f3n familiar y cumplan los requisitos necesarios. Esto se denomina permiso de residencia de \u00abmiembro de la familia que le acompa\u00f1a\u00bb.<\/div><\/div>\n\n\n<div class=\"su-button-center\"><a href=\"https:\/\/infoextranjeriazaragoza.es\/index.php\/contacto\/\" class=\"su-button su-button-style-default\" style=\"color:#FFFFFF;background-color:#2D89EF;border-color:#246ec0;border-radius:11px\" target=\"_self\"><span style=\"color:#FFFFFF;padding:0px 28px;font-size:21px;line-height:42px;border-color:#6cadf4;border-radius:11px;text-shadow:none\"> Quiero que me ayuden a conseguir mi tarjeta<\/span><\/a><\/div>\n","protected":false},"excerpt":{"rendered":"<p>Tarjeta de Familiar de Ciudadano de la UE \u00bfQui\u00e9n puede solicitar la TFCUE? Para poder solicitar la TFCUE, los familiares deben cumplir ciertos requisitos. En general, el solicitante debe ser el c\u00f3nyuge, la pareja registrada, el descendiente directo menor de 21 a\u00f1os, o un pariente en l\u00ednea ascendente del ciudadano de la UE o de &#8230; <a title=\"Tarjeta de familiar de ciudadano de la Uni\u00f3n Europea\" class=\"read-more\" href=\"https:\/\/infoextranjeriazaragoza.es\/index.php\/tarjeta-de-familiar-de-ciudadano-de-la-union-europea\/\" aria-label=\"Leer m\u00e1s sobre Tarjeta de familiar de ciudadano de la Uni\u00f3n Europea\">Leer m\u00e1s<\/a><\/p>\n","protected":false},"author":1,"featured_media":322,"parent":0,"menu_order":0,"comment_status":"closed","ping_status":"closed","template":"","meta":{"footnotes":""},"class_list":["post-241","page","type-page","status-publish","has-post-thumbnail"],"_links":{"self":[{"href":"https:\/\/infoextranjeriazaragoza.es\/index.php\/wp-json\/wp\/v2\/pages\/241","targetHints":{"allow":["GET"]}}],"collection":[{"href":"https:\/\/infoextranjeriazaragoza.es\/index.php\/wp-json\/wp\/v2\/pages"}],"about":[{"href":"https:\/\/infoextranjeriazaragoza.es\/index.php\/wp-json\/wp\/v2\/types\/page"}],"author":[{"embeddable":true,"href":"https:\/\/infoextranjeriazaragoza.es\/index.php\/wp-json\/wp\/v2\/users\/1"}],"replies":[{"embeddable":true,"href":"https:\/\/infoextranjeriazaragoza.es\/index.php\/wp-json\/wp\/v2\/comments?post=241"}],"version-history":[{"count":5,"href":"https:\/\/infoextranjeriazaragoza.es\/index.php\/wp-json\/wp\/v2\/pages\/241\/revisions"}],"predecessor-version":[{"id":540,"href":"https:\/\/infoextranjeriazaragoza.es\/index.php\/wp-json\/wp\/v2\/pages\/241\/revisions\/540"}],"wp:featuredmedia":[{"embeddable":true,"href":"https:\/\/infoextranjeriazaragoza.es\/index.php\/wp-json\/wp\/v2\/media\/322"}],"wp:attachment":[{"href":"https:\/\/infoextranjeriazaragoza.es\/index.php\/wp-json\/wp\/v2\/media?parent=241"}],"curies":[{"name":"wp","href":"https:\/\/api.w.org\/{rel}","templated":true}]}}