{"id":249,"date":"2025-03-02T10:13:07","date_gmt":"2025-03-02T10:13:07","guid":{"rendered":"https:\/\/infoextranjeriazaragoza.es\/?page_id=249"},"modified":"2025-09-26T04:40:50","modified_gmt":"2025-09-26T04:40:50","slug":"cancelacion-antecedentes-penales","status":"publish","type":"page","link":"https:\/\/infoextranjeriazaragoza.es\/index.php\/cancelacion-antecedentes-penales\/","title":{"rendered":"Antecedentes penales"},"content":{"rendered":"\n<h1 class=\"wp-block-heading has-text-align-center has-accent-color has-text-color has-link-color wp-elements-e0d371cdb649918673ee70fc73287c90\">Cancelaci\u00f3n de antecedentes penales<\/h1>\n\n\n\n<p>\u00bfEst\u00e1s buscando informaci\u00f3n sobre<strong> c\u00f3mo cancelar antecedentes penales<\/strong>? Un historial delictivo puede afectar en gran medida a futuras oportunidades, como el empleo o la vivienda. Por lo tanto, tener un historial delictivo limpio puede crear ventajas significativas. Este art\u00edculo te guiar\u00e1 a trav\u00e9s del proceso de cancelaci\u00f3n de tus antecedentes penales.<\/p>\n\n\n\n<p>Tener antecedentes penales puede dificultar muchos aspectos de la vida. Buscar trabajo, solicitar un pr\u00e9stamo, alquilar un apartamento o una casa o conocer gente nueva pueden ser m\u00e1s dif\u00edciles cuando entra en juego informaci\u00f3n relativa a nuestros antecedentes penales.<\/p>\n\n\n\n<p>Para tratar de evitarlo, en la medida de lo posible, la ley permite a todos los particulares que habiendo sido condenados en sentencia firme, hayan extinguido su responsabilidad penal, obtener la cancelaci\u00f3n de los antecedentes que consten en el Registro Central de Penados dentro de los plazos que marque la ley. <\/p>\n\n\n\n<h2 class=\"wp-block-heading has-text-align-center has-accent-color has-text-color has-link-color wp-elements-21a6ab838aeeef0ebab3109a49c0c9a6\">\u00bfEs posible anular un historial delictivo?<\/h2>\n\n\n\n<div class=\"wp-block-columns is-layout-flex wp-container-core-columns-is-layout-9d6595d7 wp-block-columns-is-layout-flex\">\n<div class=\"wp-block-column is-layout-flow wp-block-column-is-layout-flow\">\n<figure class=\"wp-block-image size-large\"><img loading=\"lazy\" decoding=\"async\" width=\"1024\" height=\"682\" src=\"https:\/\/infoextranjeriazaragoza.es\/wp-content\/uploads\/2025\/02\/antecedentes-penales-1024x682.jpg\" alt=\"Cancelaci\u00f3n de antecedentes penales\" class=\"wp-image-279\" srcset=\"https:\/\/infoextranjeriazaragoza.es\/wp-content\/uploads\/2025\/02\/antecedentes-penales-1024x682.jpg 1024w, https:\/\/infoextranjeriazaragoza.es\/wp-content\/uploads\/2025\/02\/antecedentes-penales-300x200.jpg 300w, https:\/\/infoextranjeriazaragoza.es\/wp-content\/uploads\/2025\/02\/antecedentes-penales-768x512.jpg 768w, https:\/\/infoextranjeriazaragoza.es\/wp-content\/uploads\/2025\/02\/antecedentes-penales.jpg 1280w\" sizes=\"auto, (max-width: 1024px) 100vw, 1024px\" \/><\/figure>\n<\/div>\n\n\n\n<div class=\"wp-block-column is-layout-flow wp-block-column-is-layout-flow\">\n<p><\/p>\n\n\n\n<div class=\"su-box su-box-style-default\" id=\"\" style=\"border-color:#0056bc;border-radius:15px;max-width:none\"><div class=\"su-box-title\" style=\"background-color:#2D89EF;color:#FFFFFF;border-top-left-radius:13px;border-top-right-radius:13px\">Anulaci\u00f3n de nuestro historial<\/div><div class=\"su-box-content su-u-clearfix su-u-trim\" style=\"border-bottom-left-radius:13px;border-bottom-right-radius:13px\">En muchos casos, es posible anular un historial delictivo. Hay varias maneras de intentar limpiar dichos antecedentes. <\/p>\n\n\n\n<p>Concertar una cita con un abogado especializado en cuestiones penales para conocer las opciones disponibles para su caso concreto suele solucionar los problemas que tenerlos en su expediente acarrean.<br><br>Una forma posible de limpiar un historial delictivo es a trav\u00e9s del proceso de cancelaci\u00f3n o sellado. La cancelaci\u00f3n es un proceso legal por el que una condena penal anterior se elimina o modifica legalmente del historial de un individuo. <br><br>El sellado es tambi\u00e9n un proceso legal por el que algunas, pero no todas, las personas pueden solicitar que se eliminen sus antecedentes penales de la vista p\u00fablica<\/p>\n\n\n\n<p>Para que se anule un historial delictivo, <strong>deben cumplirse ciertos criterios<\/strong>. El antecedente penal lo constituye la nota de condena por lo que su cancelaci\u00f3n afecta al conjunto de penas impuestas en sentencia firme y no a cada una de las penas individualizadas..<\/div><\/div>\n\n\n\n<p><\/p>\n<\/div>\n<\/div>\n\n\n\n<p><\/p>\n\n\n\n<h2 class=\"wp-block-heading has-text-align-center has-accent-color has-text-color has-link-color wp-elements-cca012aa8972d2a3b57914eb00a66760\">Requisitos necesarios exigidos por la Ley<\/h2>\n\n\n<div class=\"su-box su-box-style-default\" id=\"\" style=\"border-color:#0056bc;border-radius:15px;max-width:none\"><div class=\"su-box-title\" style=\"background-color:#2D89EF;color:#FFFFFF;border-top-left-radius:13px;border-top-right-radius:13px\">\u00bfCu\u00e1les son los requisitos?<\/div><div class=\"su-box-content su-u-clearfix su-u-trim\" style=\"border-bottom-left-radius:13px;border-bottom-right-radius:13px\">Para poder cancelar los antecedentes penales, seg\u00fan el art\u00edculo 136 del C\u00f3digo Penal, se nos exigir\u00e1 la ausencia de delitos, a raz\u00f3n de los siguientes plazos :<br \/>\n<div class=\"su-list\" style=\"margin-left:0px\">\n<ul>\n<li><i class=\"sui sui-star\" style=\"color:#2D89EF\"><\/i> Seis meses para las penas leves<\/li>\n<li><i class=\"sui sui-star\" style=\"color:#2D89EF\"><\/i> Dos a\u00f1os para las penas que no excedan de doce meses y las impuestas por delitos imprudentes.<\/li>\n<li><i class=\"sui sui-star\" style=\"color:#2D89EF\"><\/i> Tres a\u00f1os para las restantes penas menos graves inferiores a tres a\u00f1os.<\/li>\n<li><i class=\"sui sui-star\" style=\"color:#2D89EF\"><\/i> Cinco a\u00f1os para las restantes penas menos graves iguales o superiores a tres a\u00f1os<\/li>\n<li><i class=\"sui sui-star\" style=\"color:#2D89EF\"><\/i> Diez a\u00f1os para las penas graves.\n<\/ul>\n<\/div>\n<p>El c\u00f3mputo de estos plazos se interrumpir\u00e1 por la comisi\u00f3n de nuevos delitos durante su transcurso.<\/p>\n<p>Si lo que queremos en cancelar las anotaciones de las medidas de seguridad, estas ser\u00e1n canceladas una vez cumplida o prescrita la respectiva medida. Los detalles concretos dependen de la jurisdicci\u00f3n en la que se cre\u00f3 el registro. Por ejemplo, existe un plazo posterior a la condena antes de que un registro sea elegible para su anulaci\u00f3n. Los cargos en cuesti\u00f3n deben ser o bien delitos menores o bien determinados delitos graves para poder optar a la anulaci\u00f3n.<\/p>\n<p>Tambi\u00e9n debe existir un cierto per\u00edodo libre de reincidencia antes de que un registro sea elegible. Cada jurisdicci\u00f3n tendr\u00e1 criterios y procesos diferentes. Un experto en derecho penal puede ayudarle en el proceso de obtenci\u00f3n de una cancelaci\u00f3n o sellado de antecedentes<\/div><\/div>\n\n\n\n<p><\/p>\n\n\n\n<p><\/p>\n\n\n<div class=\"su-button-center\"><a href=\"https:\/\/infoextranjeriazaragoza.es\/index.php\/contacto\/\" class=\"su-button su-button-style-default\" style=\"color:#FFFFFF;background-color:#2D89EF;border-color:#246ec0;border-radius:11px\" target=\"_self\"><span style=\"color:#FFFFFF;padding:0px 28px;font-size:21px;line-height:42px;border-color:#6cadf4;border-radius:11px;text-shadow:none\"> Quiero que me ayud\u00e9is con la cancelaci\u00f3n de mis antecedentes<\/span><\/a><\/div>\n\n\n\n<p><\/p>\n\n\n\n<h2 class=\"wp-block-heading has-text-align-center has-accent-color has-text-color has-link-color wp-elements-1cc7e81a19ad0e5416f411e619ca3518\">Penalidades relacionadas con los antecedentes penales<\/h2>\n\n\n\n<div class=\"wp-block-columns is-layout-flex wp-container-core-columns-is-layout-9d6595d7 wp-block-columns-is-layout-flex\">\n<div class=\"wp-block-column is-layout-flow wp-block-column-is-layout-flow\">\n<p>Existen algunas penalidades relacionadas con tener antecedentes penales. Por ejemplo, las personas con antecedentes penales pueden tener dificultades para obtener ciertos tipos de licencias, como licencias de conducir o licencias profesionales. Tambi\u00e9n pueden tener dificultades para encontrar empleo en determinados campos, como la ense\u00f1anza, las profesiones sanitarias o las fuerzas del orden.<\/p>\n\n\n\n<p>Adem\u00e1s, las personas con antecedentes penales pueden tener <strong>problemas para cruzar las fronteras nacionales.<\/strong> Por \u00faltimo, los antecedentes penales pueden tener un impacto negativo en la puntuaci\u00f3n crediticia de una persona.<\/p>\n\n\n\n<p>Sin embargo, es importante tener en cuenta que no todas las jurisdicciones tienen leyes similares sobre antecedentes penales. Por ejemplo, Canad\u00e1 y Estados Unidos tienen leyes diferentes cuando se trata de atribuir antecedentes penales a un individuo. Tambi\u00e9n puede haber leyes diferentes en un mismo pa\u00eds, seg\u00fan la provincia o el estado.<\/p>\n<\/div>\n\n\n\n<div class=\"wp-block-column is-layout-flow wp-block-column-is-layout-flow\">\n<figure class=\"wp-block-image size-large\"><img loading=\"lazy\" decoding=\"async\" width=\"1024\" height=\"682\" src=\"https:\/\/infoextranjeriazaragoza.es\/wp-content\/uploads\/2025\/02\/archivo-antecedentes-penales-1024x682.jpg\" alt=\"Archivo con antecedentes penales\" class=\"wp-image-280\" srcset=\"https:\/\/infoextranjeriazaragoza.es\/wp-content\/uploads\/2025\/02\/archivo-antecedentes-penales-1024x682.jpg 1024w, https:\/\/infoextranjeriazaragoza.es\/wp-content\/uploads\/2025\/02\/archivo-antecedentes-penales-300x200.jpg 300w, https:\/\/infoextranjeriazaragoza.es\/wp-content\/uploads\/2025\/02\/archivo-antecedentes-penales-768x512.jpg 768w, https:\/\/infoextranjeriazaragoza.es\/wp-content\/uploads\/2025\/02\/archivo-antecedentes-penales.jpg 1280w\" sizes=\"auto, (max-width: 1024px) 100vw, 1024px\" \/><\/figure>\n<\/div>\n<\/div>\n\n\n\n<h2 class=\"wp-block-heading has-text-align-center has-accent-color has-text-color has-link-color wp-elements-339d8bdb479196ceb9feb9dec8f6c67d\">Procedimiento para limpiar antecedentes penales<\/h2>\n\n\n<div class=\"su-box su-box-style-default\" id=\"\" style=\"border-color:#0056bc;border-radius:15px;max-width:none\"><div class=\"su-box-title\" style=\"background-color:#2D89EF;color:#FFFFFF;border-top-left-radius:13px;border-top-right-radius:13px\">Cancelar nuestros antecedentes penales<\/div><div class=\"su-box-content su-u-clearfix su-u-trim\" style=\"border-bottom-left-radius:13px;border-bottom-right-radius:13px\">Si est\u00e1 interesado en intentar anular un antecedente penal, y aunque no es obligatorio, recomendamos hablar con un <a href=\"https:\/\/tusreclamaciones.es\/abogados-penalistas-zaragoza\/\" target=\"_blank\" rel=\"noopener\">abogado especializado en derecho penal y civil.<\/a><br \/>\nEs importante que conozca sus derechos y obligaciones espec\u00edficos, as\u00ed como los procedimientos y leyes que se aplican a su caso. Un experto en derecho le ayudar\u00e1 a explicar el proceso, a explorar las opciones legales y a asesorarle sobre la mejor forma de proceder.<\/p>\n<p>Podemos realizar la cancelaci\u00f3n de nuestros antecedentes penales de manera online , por correo y presencialmente. Si lo hacemos online tendremos que rellenar una solicitud en la que deber\u00e1n constar nuestros datos personales , siendo conveniente adjuntar el certificado de cumplimiento de penas, que expedir\u00e1 el juzgado o tribunal competente, con el objeto de agilizar los tr\u00e1mites.<\/p>\n<p>Al ser un tr\u00e1mite online, se deber\u00e1 hacer por medio de la <a href=\"https:\/\/sede.seg-social.gob.es\/wps\/portal\/sede\/sede\/Inicio\" target=\"_blank\" rel=\"noopener\"> sede electr\u00f3nica<\/a>, debiendo para ello poseerse el certificado digital o estar registrado en Cl@ve o poseer el DNI electr\u00f3nico. <\/p>\n<p>Si optamos por hacerlo de manera presencial o bien por correo ordinario, cambiar\u00e1 l\u00f3gicamente la manera de operar. Si lo hacemos presencialmente, deberemos presentar nuestra solicitud junto con la documentaci\u00f3n necesaria en algunos de los siguientes lugares<br \/>\n<div class=\"su-list\" style=\"margin-left:0px\">\n<ul>\n<li><i class=\"sui sui-star\" style=\"color:#2D89EF\"><\/i> Registro General del Ministerio de Justicia<\/li>\n<li><i class=\"sui sui-star\" style=\"color:#2D89EF\"><\/i> En alguna de las Gerencias Territoriales del Ministerio de Justicia.<\/li>\n<li><i class=\"sui sui-star\" style=\"color:#2D89EF\"><\/i> En cualquiera de los registros a que se refiere \u00a0a que se refiere el <a href=\"https:\/\/www.boe.es\/buscar\/act.php?id=BOE-A-2015-10565&#038;tn=1&#038;p=20181206#a16\" target=\"_blank\" rel=\"noopener\"> art. 16.4 de Ley 39\/2015, de 1 de octubre, del Procedimiento Administrativo Com\u00fan de las Administraciones P\u00fablicas<\/a>\u00a0<\/li>\n<li><i class=\"sui sui-star\" style=\"color:#2D89EF\"><\/i> A trav\u00e9s de las oficinas diplom\u00e1ticas y consulados de Espa\u00f1a ( para ciudadanos residentes en el extranjero)<\/li>\n<\/ul>\n<\/div>\nPara ello ser\u00e1 necesario realizar una cita previa. Si queremos solicitar la cancelaci\u00f3n de nuestros antecedentes penales por correo , deberemos enviar nuestra solicitud junto con una copia compulsada de la documentaci\u00f3n solicitada por medio de correo certificado al <strong>Registro Central de penados<\/strong>. Si pasados tres meses no hubi\u00e9semos recibido resoluci\u00f3n alguna, se entender\u00e1 desestimado.<br \/>\n<\/div><\/div>\n\n\n\n<p><\/p>\n\n\n\n<p><\/p>\n\n\n<div class=\"su-button-center\"><a href=\"https:\/\/infoextranjeriazaragoza.es\/index.php\/contacto\/\" class=\"su-button su-button-style-default\" style=\"color:#FFFFFF;background-color:#2D89EF;border-color:#246ec0;border-radius:11px\" target=\"_self\"><span style=\"color:#FFFFFF;padding:0px 28px;font-size:21px;line-height:42px;border-color:#6cadf4;border-radius:11px;text-shadow:none\"> Quiero concertar una cita con un abogado de inmigraci\u00f3n<\/span><\/a><\/div>\n\n\n\n<p><\/p>\n","protected":false},"excerpt":{"rendered":"<p>Cancelaci\u00f3n de antecedentes penales \u00bfEst\u00e1s buscando informaci\u00f3n sobre c\u00f3mo cancelar antecedentes penales? Un historial delictivo puede afectar en gran medida a futuras oportunidades, como el empleo o la vivienda. Por lo tanto, tener un historial delictivo limpio puede crear ventajas significativas. Este art\u00edculo te guiar\u00e1 a trav\u00e9s del proceso de cancelaci\u00f3n de tus antecedentes penales. &#8230; <a title=\"Antecedentes penales\" class=\"read-more\" href=\"https:\/\/infoextranjeriazaragoza.es\/index.php\/cancelacion-antecedentes-penales\/\" aria-label=\"Leer m\u00e1s sobre Antecedentes penales\">Leer m\u00e1s<\/a><\/p>\n","protected":false},"author":1,"featured_media":0,"parent":0,"menu_order":0,"comment_status":"closed","ping_status":"closed","template":"","meta":{"footnotes":""},"class_list":["post-249","page","type-page","status-publish"],"_links":{"self":[{"href":"https:\/\/infoextranjeriazaragoza.es\/index.php\/wp-json\/wp\/v2\/pages\/249","targetHints":{"allow":["GET"]}}],"collection":[{"href":"https:\/\/infoextranjeriazaragoza.es\/index.php\/wp-json\/wp\/v2\/pages"}],"about":[{"href":"https:\/\/infoextranjeriazaragoza.es\/index.php\/wp-json\/wp\/v2\/types\/page"}],"author":[{"embeddable":true,"href":"https:\/\/infoextranjeriazaragoza.es\/index.php\/wp-json\/wp\/v2\/users\/1"}],"replies":[{"embeddable":true,"href":"https:\/\/infoextranjeriazaragoza.es\/index.php\/wp-json\/wp\/v2\/comments?post=249"}],"version-history":[{"count":14,"href":"https:\/\/infoextranjeriazaragoza.es\/index.php\/wp-json\/wp\/v2\/pages\/249\/revisions"}],"predecessor-version":[{"id":515,"href":"https:\/\/infoextranjeriazaragoza.es\/index.php\/wp-json\/wp\/v2\/pages\/249\/revisions\/515"}],"wp:attachment":[{"href":"https:\/\/infoextranjeriazaragoza.es\/index.php\/wp-json\/wp\/v2\/media?parent=249"}],"curies":[{"name":"wp","href":"https:\/\/api.w.org\/{rel}","templated":true}]}}