{"id":27,"date":"2025-01-09T05:41:04","date_gmt":"2025-01-09T05:41:04","guid":{"rendered":"https:\/\/infoextranjeriazaragoza.es\/?page_id=27"},"modified":"2025-09-24T13:45:52","modified_gmt":"2025-09-24T13:45:52","slug":"alte-servicii","status":"publish","type":"page","link":"https:\/\/infoextranjeriazaragoza.es\/index.php\/alte-servicii\/","title":{"rendered":"Alte servicii"},"content":{"rendered":"\n<h1 class=\"wp-block-heading has-accent-color has-text-color has-link-color wp-elements-ae2ec22e1f1003b7f4878a49f116fc73\">Apostila de la Haga: Legalizarea documentelor pentru uz interna\u021bional<\/h1>\n\n\n\n<h2 class=\"wp-block-heading has-text-align-center has-accent-color has-text-color has-link-color wp-elements-6e62da4abaf9161bc044af897075e8fa\">Te c\u0103s\u0103tore\u0219ti?<\/h2>\n\n\n\n<h3 class=\"wp-block-heading has-text-align-center has-accent-color has-text-color has-link-color wp-elements-97eba4429441df9b9454675a5005b369\"><strong>Apostila de la Haga<\/strong><\/h3>\n\n\n\n<p><\/p>\n\n\n\n<div class=\"wp-block-columns is-layout-flex wp-container-core-columns-is-layout-9d6595d7 wp-block-columns-is-layout-flex\">\n<div class=\"wp-block-column is-layout-flow wp-block-column-is-layout-flow\">\n<figure class=\"wp-block-image size-full\"><img loading=\"lazy\" decoding=\"async\" width=\"640\" height=\"427\" src=\"https:\/\/infoextranjeriazaragoza.es\/wp-content\/uploads\/2025\/01\/alte-servicii.jpg\" alt=\"Alte servicii\" class=\"wp-image-116\" srcset=\"https:\/\/infoextranjeriazaragoza.es\/wp-content\/uploads\/2025\/01\/alte-servicii.jpg 640w, https:\/\/infoextranjeriazaragoza.es\/wp-content\/uploads\/2025\/01\/alte-servicii-300x200.jpg 300w\" sizes=\"auto, (max-width: 640px) 100vw, 640px\" \/><\/figure>\n<\/div>\n\n\n\n<div class=\"wp-block-column is-layout-flow wp-block-column-is-layout-flow\">\n<div class=\"wp-block-columns is-layout-flex wp-container-core-columns-is-layout-9d6595d7 wp-block-columns-is-layout-flex\">\n<div class=\"wp-block-column is-layout-flow wp-block-column-is-layout-flow\"><div class=\"su-box su-box-style-default\" id=\"\" style=\"border-color:#0056bc;border-radius:15px;max-width:none\"><div class=\"su-box-title\" style=\"background-color:#2D89EF;color:#FFFFFF;border-top-left-radius:13px;border-top-right-radius:13px\">Apostila de la Haga<\/div><div class=\"su-box-content su-u-clearfix su-u-trim\" style=\"border-bottom-left-radius:13px;border-bottom-right-radius:13px\">V\u0103 putem ajuta cu \u00eendeplinirea tuturor formalit\u0103\u021bilor privind ob\u021binerea apostilei de la Haga pentru documentele dumneavoastr\u0103 \u00een cel mai scurt timp.<\/p>\n<p>Apostila de la Haga se aplic\u0103 pe toate documentele oficiale din \u021bara respectiv\u0103 pentru prezentarea lor \u00eentr-o alt\u0103 \u021bar\u0103 semnatar\u0103 a Conven\u021biei de la Haga 1961.<\/div><\/div>\n<\/div>\n\n\n\n<div class=\"wp-block-column is-layout-flow wp-block-column-is-layout-flow\"><\/div>\n<\/div>\n\n\n\n<p><\/p>\n<\/div>\n<\/div>\n\n\n\n<h3 class=\"wp-block-heading has-text-align-center has-accent-color has-text-color has-link-color wp-elements-40b019c699a45dab5e59977df889e252\"><strong>Echivalarea studiilor \u00een Spania<\/strong><\/h3>\n\n\n\n<p>Doriti s\u0103 v\u0103 echivala\u021bi \u00een Spania diploma de studii ob\u021binut\u0103 \u00een Rom\u00e2nia? Noi v\u0103 ajut\u0103m s\u0103 preg\u0103ti\u021bi dosarul, evit\u00e2nd astfel respingerea lui din cauza lipsei documentelor necesare \u00eenscrierii.<\/p>\n\n\n\n<h3 class=\"wp-block-heading has-text-align-center has-accent-color has-text-color has-link-color wp-elements-a32f6f4d8f67b21c866fb802e308cac2\"><strong>Te c\u0103s\u0103tore\u0219ti?<\/strong><\/h3>\n\n\n\n<p>Evit\u0103 \u00eencetinirea procesului din cauza documentelor.La leg\u0103tura cu un profesional care s\u0103 te asesoreze, evit\u00e2nd astfel surprizele nepl\u0103cute. Te vom ajuta s\u0103 preg\u0103te\u0219ti dosarul cu toate actele necesare pentru c\u0103s\u0103torie.<\/p>\n\n\n\n<h3 class=\"wp-block-heading has-text-align-center has-accent-color has-text-color has-link-color wp-elements-c725eb6bfca67224cb574191386e941b\"><strong>Recunoa\u0219terea profesional\u0103<\/strong><\/h3>\n\n\n\n<p>Sunte\u021bi medic, asistent medical, arhitect, profesor \u00een Rom\u00e2nia \u0219i dori\u021bi s\u0103 profesa\u021bi \u00een Spania? Cabinet avocat in Zaragoza, Alina Manuela Sasu, v\u0103 vom consilia \u00een perg\u0103tirea dosarului dumneavoastr\u0103 pentru recunoa\u0219terea calific\u0103rii profesionale \u00een Spania p\u00e2n\u0103 la finalizarea procesului de recunoa\u0219tere.<\/p>\n\n\n\n<h2 class=\"wp-block-heading has-text-align-center has-accent-color has-text-color has-link-color wp-elements-185f0102e504f2b660d672d258432c61\">Servicii Juridice \u00een Domeniul mo\u0219tenirilor <\/h2>\n\n\n<div class=\"su-box su-box-style-default\" id=\"\" style=\"border-color:#0056bc;border-radius:15px;max-width:none\"><div class=\"su-box-title\" style=\"background-color:#2D89EF;color:#FFFFFF;border-top-left-radius:13px;border-top-right-radius:13px\">Servicii Juridice \u00een Domeniul mo\u0219tenirilor<\/div><div class=\"su-box-content su-u-clearfix su-u-trim\" style=\"border-bottom-left-radius:13px;border-bottom-right-radius:13px\">Ave\u021bi nevoie de asisten\u021b\u0103 \u00een domeniul mo\u0219tenirilor \u0219i succesiunilor? Oferim servicii juridice complete, ajut\u00e2ndu-v\u0103 s\u0103 naviga\u021bi cu u\u0219urin\u021b\u0103 prin procedurile legale. Ne ocup\u0103m de deschiderea \u0219i administrarea dosarelor de succesiune, precum \u0219i de \u00eentocmirea \u0219i validarea testamentelor, pentru a ne asigura c\u0103 toate actele sunt \u00een ordine \u0219i conforme cu legea.<\/p>\n<p>V\u0103 oferim consultan\u021b\u0103 personalizat\u0103, explic\u00e2ndu-v\u0103 drepturile de mo\u0219tenire \u0219i pa\u0219ii necesari pentru a le exercita. \u00cen cazul unor conflicte \u00eentre mo\u0219tenitori, v\u0103 reprezent\u0103m \u00een instan\u021b\u0103, protej\u00e2ndu-v\u0103 interesele \u0219i c\u0103ut\u00e2nd cele mai bune solu\u021bii. Scopul nostru este s\u0103 v\u0103 oferim suportul necesar \u0219i solu\u021bii clare, care s\u0103 r\u0103spund\u0103 nevoilor dumneavoastr\u0103 legale.<\/div><\/div>\n\n\n\n<p><\/p>\n\n\n\n<h2 class=\"wp-block-heading has-text-align-center has-accent-color has-text-color has-link-color wp-elements-f42020f8e2290b47eb0fdae23a440492\">Consultan\u021b\u0103 pentru Ob\u0163inerea pensiei<\/h2>\n\n\n<div class=\"su-box su-box-style-default\" id=\"\" style=\"border-color:#0056bc;border-radius:15px;max-width:none\"><div class=\"su-box-title\" style=\"background-color:#2D89EF;color:#FFFFFF;border-top-left-radius:13px;border-top-right-radius:13px\">A\u021bi lucrat \u00een Spania \u0219i Rom\u00e2nia \u0219i acum este momentul s\u0103 v\u0103 pensiona\u021bi?<\/div><div class=\"su-box-content su-u-clearfix su-u-trim\" style=\"border-bottom-left-radius:13px;border-bottom-right-radius:13px\">Oferim servicii complete de consultan\u021b\u0103 \u0219i asisten\u021b\u0103 pentru \u00eentocmirea \u0219i prezentarea dosarelor de pensionare, av\u00e2nd \u00een vedere perioada \u00een care a\u021bi lucrat \u00een ambele \u021b\u0103ri. \u00cen\u021belegem complexitatea procedurilor administrative \u0219i a legisla\u021biilor din cele dou\u0103 state, a\u0219a c\u0103 v\u0103 ghid\u0103m pas cu pas pentru a \u00eentocmi dosarul cu documentele necesare \u0219i pentru a solicita pensia cuvenit\u0103.<\/p>\n<p>Preg\u0103tim dosarul \u00eempreun\u0103 \u0219i \u00eel depunem la autorit\u0103\u021bile competente. Scopul nostru este s\u0103 face\u021bi acest proces mai simplu \u0219i mai rapid, astfel \u00eenc\u00e2t s\u0103 pute\u021bi \u00eencepe c\u00e2t mai cur\u00e2nd s\u0103 v\u0103 bucura\u021bi de pensia pe care o merita\u021bi, f\u0103r\u0103 \u00eent\u00e2rzieri sau complica\u021bii. Suntem aici s\u0103 v\u0103 sprijinim \u0219i s\u0103 v\u0103 oferim solu\u021biile necesare pentru a ob\u021bine pensia din ambele \u021b\u0103ri.<\/div><\/div>\n\n\n\n<p><\/p>\n\n\n<div class=\"su-button-center\"><a href=\"https:\/\/infoextranjeriazaragoza.es\/index.php\/contacto\/\" class=\"su-button su-button-style-default\" style=\"color:#FFFFFF;background-color:#2D89EF;border-color:#246ec0;border-radius:11px\" target=\"_self\"><span style=\"color:#FFFFFF;padding:0px 28px;font-size:21px;line-height:42px;border-color:#6cadf4;border-radius:11px;text-shadow:none\"> Completa\u021bi formularul pentru a contacta cu noi.<\/span><\/a><\/div>\n\n\n\n<p class=\"has-text-align-center has-accent-color has-text-color has-link-color has-medium-font-size wp-elements-cd779470f2b2eabc23bf88c55a7f6ef9\">Sau suna\u021bi-ne f\u0103r\u0103 nici un compromis +34 606 01 20 96<\/p>\n","protected":false},"excerpt":{"rendered":"<p>Apostila de la Haga: Legalizarea documentelor pentru uz interna\u021bional Te c\u0103s\u0103tore\u0219ti? Apostila de la Haga Echivalarea studiilor \u00een Spania Doriti s\u0103 v\u0103 echivala\u021bi \u00een Spania diploma de studii ob\u021binut\u0103 \u00een Rom\u00e2nia? Noi v\u0103 ajut\u0103m s\u0103 preg\u0103ti\u021bi dosarul, evit\u00e2nd astfel respingerea lui din cauza lipsei documentelor necesare \u00eenscrierii. Te c\u0103s\u0103tore\u0219ti? Evit\u0103 \u00eencetinirea procesului din cauza documentelor.La &#8230; <a title=\"Alte servicii\" class=\"read-more\" href=\"https:\/\/infoextranjeriazaragoza.es\/index.php\/alte-servicii\/\" aria-label=\"Leer m\u00e1s sobre Alte servicii\">Leer m\u00e1s<\/a><\/p>\n","protected":false},"author":1,"featured_media":0,"parent":0,"menu_order":0,"comment_status":"closed","ping_status":"closed","template":"","meta":{"footnotes":""},"class_list":["post-27","page","type-page","status-publish"],"_links":{"self":[{"href":"https:\/\/infoextranjeriazaragoza.es\/index.php\/wp-json\/wp\/v2\/pages\/27","targetHints":{"allow":["GET"]}}],"collection":[{"href":"https:\/\/infoextranjeriazaragoza.es\/index.php\/wp-json\/wp\/v2\/pages"}],"about":[{"href":"https:\/\/infoextranjeriazaragoza.es\/index.php\/wp-json\/wp\/v2\/types\/page"}],"author":[{"embeddable":true,"href":"https:\/\/infoextranjeriazaragoza.es\/index.php\/wp-json\/wp\/v2\/users\/1"}],"replies":[{"embeddable":true,"href":"https:\/\/infoextranjeriazaragoza.es\/index.php\/wp-json\/wp\/v2\/comments?post=27"}],"version-history":[{"count":8,"href":"https:\/\/infoextranjeriazaragoza.es\/index.php\/wp-json\/wp\/v2\/pages\/27\/revisions"}],"predecessor-version":[{"id":467,"href":"https:\/\/infoextranjeriazaragoza.es\/index.php\/wp-json\/wp\/v2\/pages\/27\/revisions\/467"}],"wp:attachment":[{"href":"https:\/\/infoextranjeriazaragoza.es\/index.php\/wp-json\/wp\/v2\/media?parent=27"}],"curies":[{"name":"wp","href":"https:\/\/api.w.org\/{rel}","templated":true}]}}