{"id":49,"date":"2025-01-09T05:46:16","date_gmt":"2025-01-09T05:46:16","guid":{"rendered":"https:\/\/infoextranjeriazaragoza.es\/?page_id=49"},"modified":"2025-09-26T06:05:56","modified_gmt":"2025-09-26T06:05:56","slug":"romani-in-spania","status":"publish","type":"page","link":"https:\/\/infoextranjeriazaragoza.es\/index.php\/romani-in-spania\/","title":{"rendered":"Rom\u00e2ni \u00een Spania"},"content":{"rendered":"\n<h1 class=\"wp-block-heading has-accent-color has-text-color has-link-color has-medium-font-size wp-elements-34ffb9632b62a8c24a22487063a94f24\">Vrei s\u0103 divor\u021bezi, s\u0103 ob\u021bii custodia copiilor, s\u0103 recuno\u0219ti sentin\u021ba \u00een Rom\u00e2nia? Ai nevoie de un traduc\u0103tor autorizat?<\/h1>\n\n\n\n<div class=\"wp-block-columns is-layout-flex wp-container-core-columns-is-layout-9d6595d7 wp-block-columns-is-layout-flex\">\n<div class=\"wp-block-column is-layout-flow wp-block-column-is-layout-flow\">\n<figure class=\"wp-block-image size-full\"><img loading=\"lazy\" decoding=\"async\" width=\"750\" height=\"500\" src=\"https:\/\/infoextranjeriazaragoza.es\/wp-content\/uploads\/2025\/01\/romani-in-spania.jpg\" alt=\"Romanii in Spania\" class=\"wp-image-61\" srcset=\"https:\/\/infoextranjeriazaragoza.es\/wp-content\/uploads\/2025\/01\/romani-in-spania.jpg 750w, https:\/\/infoextranjeriazaragoza.es\/wp-content\/uploads\/2025\/01\/romani-in-spania-300x200.jpg 300w\" sizes=\"auto, (max-width: 750px) 100vw, 750px\" \/><\/figure>\n<\/div>\n\n\n\n<div class=\"wp-block-column is-layout-flow wp-block-column-is-layout-flow\">\n<div class=\"su-box su-box-style-default\" id=\"\" style=\"border-color:#0056bc;border-radius:15px;max-width:none\"><div class=\"su-box-title\" style=\"background-color:#2D89EF;color:#FFFFFF;border-top-left-radius:13px;border-top-right-radius:13px\"><\/div><div class=\"su-box-content su-u-clearfix su-u-trim\" style=\"border-bottom-left-radius:13px;border-bottom-right-radius:13px\">Locui\u021bi \u00een Spania \u0219i dori\u021bi s\u0103 \u00eenainta\u021bi cerere de divor\u021b dar nu \u0219ti\u021bi dac\u0103 este posibil sau care sunt actele necesare pentru divor\u021b? A\u021bi ob\u021binut custodia exclusiv\u0103 a copiilor \u0219i trebuie s\u0103 recunoa\u0219te\u021bi aceast\u0103 sentin\u021b\u0103 \u00een Rom\u00e2nia? <\/p>\n\n\n\n<p>Ave\u021bi nevoie de un traduc\u0103tor autorizat? Dori\u021bi s\u0103 echivala\u021bi diplomele de studii \u00een Spania?. Vre\u021bi s\u0103 va c\u0103s\u0103tori\u021bi civil la Consulat sau la Registrul Civil spaniol \u0219i nu \u0219ti\u021bi care sunt documentele necesare?<\/p>\n\n\n\n<p>Acestea sunt doar o parte din \u00eentreb\u0103rile la care ve\u021bi g\u0103si r\u0103spunsul \u00een cadrul paginii ROM\u00c2NI \u00ceN SPANIA, dar \u0219i multe alte informa\u021bii de interes pentru to\u021bi rom\u00e2nii din Spania.<\/p>\n\n\n\n<p>Intr\u0103 \u0219i informeaz\u0103-te!<\/p>\n\n\n\n<\/div><\/div>\n<\/div>\n<\/div>\n\n\n\n<p><\/p>\n\n\n<div class=\"su-button-center\"><a href=\"https:\/\/infoextranjeriazaragoza.es\/index.php\/contacto\/\" class=\"su-button su-button-style-default\" style=\"color:#FFFFFF;background-color:#2D89EF;border-color:#246ec0;border-radius:11px\" target=\"_self\"><span style=\"color:#FFFFFF;padding:0px 28px;font-size:21px;line-height:42px;border-color:#6cadf4;border-radius:11px;text-shadow:none\"> Completa\u021bi formularul pentru a contacta cu noi.<\/span><\/a><\/div>\n","protected":false},"excerpt":{"rendered":"<p>Vrei s\u0103 divor\u021bezi, s\u0103 ob\u021bii custodia copiilor, s\u0103 recuno\u0219ti sentin\u021ba \u00een Rom\u00e2nia? Ai nevoie de un traduc\u0103tor autorizat?<\/p>\n","protected":false},"author":1,"featured_media":0,"parent":0,"menu_order":0,"comment_status":"closed","ping_status":"closed","template":"","meta":{"footnotes":""},"class_list":["post-49","page","type-page","status-publish"],"_links":{"self":[{"href":"https:\/\/infoextranjeriazaragoza.es\/index.php\/wp-json\/wp\/v2\/pages\/49","targetHints":{"allow":["GET"]}}],"collection":[{"href":"https:\/\/infoextranjeriazaragoza.es\/index.php\/wp-json\/wp\/v2\/pages"}],"about":[{"href":"https:\/\/infoextranjeriazaragoza.es\/index.php\/wp-json\/wp\/v2\/types\/page"}],"author":[{"embeddable":true,"href":"https:\/\/infoextranjeriazaragoza.es\/index.php\/wp-json\/wp\/v2\/users\/1"}],"replies":[{"embeddable":true,"href":"https:\/\/infoextranjeriazaragoza.es\/index.php\/wp-json\/wp\/v2\/comments?post=49"}],"version-history":[{"count":3,"href":"https:\/\/infoextranjeriazaragoza.es\/index.php\/wp-json\/wp\/v2\/pages\/49\/revisions"}],"predecessor-version":[{"id":520,"href":"https:\/\/infoextranjeriazaragoza.es\/index.php\/wp-json\/wp\/v2\/pages\/49\/revisions\/520"}],"wp:attachment":[{"href":"https:\/\/infoextranjeriazaragoza.es\/index.php\/wp-json\/wp\/v2\/media?parent=49"}],"curies":[{"name":"wp","href":"https:\/\/api.w.org\/{rel}","templated":true}]}}