{"id":53,"date":"2025-01-09T07:07:08","date_gmt":"2025-01-09T07:07:08","guid":{"rendered":"https:\/\/infoextranjeriazaragoza.es\/?page_id=53"},"modified":"2025-09-25T09:52:45","modified_gmt":"2025-09-25T09:52:45","slug":"documentos-y-pruebas","status":"publish","type":"page","link":"https:\/\/infoextranjeriazaragoza.es\/index.php\/documentos-y-pruebas\/","title":{"rendered":"Documentos y pruebas nacionalidad"},"content":{"rendered":"\n<h1 class=\"wp-block-heading has-text-align-center has-accent-color has-text-color has-link-color has-medium-font-size wp-elements-9e55bebfbc60ebfac6a6b3ac80db0911\">\u00bfQu\u00e9 documentos necesito para preparar mi solicitud de nacionalidad espa\u00f1ola?<\/h1>\n\n\n\n<p><\/p>\n\n\n\n<div class=\"wp-block-columns is-layout-flex wp-container-core-columns-is-layout-9d6595d7 wp-block-columns-is-layout-flex\">\n<div class=\"wp-block-column is-layout-flow wp-block-column-is-layout-flow\">\n<p><br><\/p>\n\n\n<div class=\"su-box su-box-style-default\" id=\"\" style=\"border-color:#0056bc;border-radius:15px;max-width:none\"><div class=\"su-box-title\" style=\"background-color:#2D89EF;color:#FFFFFF;border-top-left-radius:13px;border-top-right-radius:13px\"><\/div><div class=\"su-box-content su-u-clearfix su-u-trim\" style=\"border-bottom-left-radius:13px;border-bottom-right-radius:13px\">\nUna vez que ya hemos decidido que vamos a <strong> solicitar la nacionalidad espa\u00f1ola<\/strong>, tenemos que tener en cuenta que hay una serie de documentos que tendremos que tener a mano.<br \/>\nLos documentos de tu pa\u00eds deber\u00e1n ser traducidos al espa\u00f1ol por un traductor jurado, legalizados y apostillados con la Apostilla de la Haya.<\/p>\n<p>La solicitud de nacionalidad deber\u00e1 ser acompa\u00f1ada de una serie de documentos, entre otros:<br \/>\n<div class=\"su-list\" style=\"margin-left:0px\">\n<ul>\n<li><i class=\"sui sui-star\" style=\"color:#2D89EF\"><\/i> Pasaporte<\/li>\n<li><i class=\"sui sui-star\" style=\"color:#2D89EF\"><\/i> Tarjeta de identidad de persona extranjera.<\/li>\n<li><i class=\"sui sui-star\" style=\"color:#2D89EF\"><\/i> Certificaci\u00f3n de nacimiento del pa\u00eds de origen<\/li>\n<li><i class=\"sui sui-star\" style=\"color:#2D89EF\"><\/i> Certificado de antecedentes penales de su pa\u00eds de origen<\/li>\n<li><i class=\"sui sui-star\" style=\"color:#2D89EF\"><\/i> Certificado de matrimonio (si est\u00e1 casado)<\/li>\n<li><i class=\"sui sui-star\" style=\"color:#2D89EF\"><\/i> Rellenar una solicitud de nacionalidad por residencia<\/li>\n<li><i class=\"sui sui-star\" style=\"color:#2D89EF\"><\/i> Justificante del pago de la tasa<\/li>\n<li><i class=\"sui sui-star\" style=\"color:#2D89EF\"><\/i> Certificado de empadronamiento<\/li>\n<li><i class=\"sui sui-star\" style=\"color:#2D89EF\"><\/i> Diplomas del Instituto Cervantes (prueba CCSE y DELE A2)<\/li>\n<\/ul>\n<\/div><\/div><\/div>\n<\/div>\n\n\n\n<div class=\"wp-block-column is-layout-flow wp-block-column-is-layout-flow\">\n<figure class=\"wp-block-image size-full\"><img loading=\"lazy\" decoding=\"async\" width=\"640\" height=\"512\" src=\"https:\/\/infoextranjeriazaragoza.es\/wp-content\/uploads\/2025\/01\/pareja-feliz.jpg\" alt=\"Pareja\" class=\"wp-image-111\" srcset=\"https:\/\/infoextranjeriazaragoza.es\/wp-content\/uploads\/2025\/01\/pareja-feliz.jpg 640w, https:\/\/infoextranjeriazaragoza.es\/wp-content\/uploads\/2025\/01\/pareja-feliz-300x240.jpg 300w\" sizes=\"auto, (max-width: 640px) 100vw, 640px\" \/><\/figure>\n<\/div>\n<\/div>\n\n\n\n<p><br>La solicitud de nacionalidad deber\u00e1 ser acompa\u00f1ada de una serie de documentos. Los documentos de tu pa\u00eds deber\u00e1n ser traducidos al espa\u00f1ol por un traductor jurado, legalizados y apostillados con la Apostilla de la Haya.<br>La solicitud la completamos con la acreditaci\u00f3n de buena conducta y suficiente grado de integraci\u00f3n en la sociedad espa\u00f1ola.<br>Es mejor contar con el<strong> asesoramiento por parte de un abogado especialista<\/strong> en derecho de extranjer\u00eda para evitar que tu solicitud te sea denegada por falta de documentaci\u00f3n.<\/p>\n\n\n<div class=\"su-button-center\"><a href=\"https:\/\/infoextranjeriazaragoza.es\/index.php\/contacto\/\" class=\"su-button su-button-style-default\" style=\"color:#FFFFFF;background-color:#2D89EF;border-color:#246ec0;border-radius:11px\" target=\"_self\"><span style=\"color:#FFFFFF;padding:0px 28px;font-size:21px;line-height:42px;border-color:#6cadf4;border-radius:11px;text-shadow:none\"> Si quieres que te ayudemos, pincha aqu\u00ed<\/span><\/a><\/div>\n\n\n\n<p><\/p>\n\n\n\n<h2 class=\"wp-block-heading has-text-align-center has-accent-color has-text-color has-link-color has-large-font-size wp-elements-ef9ec78784b6f730bf5742a35c56e6be\">Pruebas CCSE y DELE A2<\/h2>\n\n\n\n<h3 class=\"wp-block-heading has-text-align-center has-accent-color has-text-color has-link-color has-large-font-size wp-elements-39c21e689a2a1874b59abdbb45ddf9e9\">Instituto Cervantes<\/h3>\n\n\n\n<p>Las pruebas CCSE Y DELE A2 son uno de los requisitos establecidos para la adquisici\u00f3n de la <strong>nacionalidad espa\u00f1ola por residencia <\/strong>para extranjeros, adem\u00e1s de para la concesi\u00f3n de la nacionalidad espa\u00f1ola para sefard\u00edes originarios de Espa\u00f1a, siendo el Instituto Cervantes el encargado de llevarlas a cabo.<br>El examen CCSE tiene un <strong>coste de 85 euros<\/strong>. La inscripci\u00f3n a esta prueba te da derecho a presentarse a dos convocatorias. El examen dura 45 minutos. El examen DELE A2 es un poco m\u00e1s elevado y cuesta 124 euros. La inscripci\u00f3n a esta prueba te da derecho a presentarse a una sola convocatoria. El examen dura 4-5 horas.<br>Las inscripciones, y su correspondiente pago, se deben realizar on-line, tras haberse registrado en el <a href=\"https:\/\/examenes.cervantes.es\/es\" target=\"_blank\" rel=\"noreferrer noopener\">Instituto Cervantes<\/a>.<\/p>\n\n\n\n<h2 class=\"wp-block-heading has-text-align-center has-accent-color has-text-color has-link-color has-large-font-size wp-elements-8c0506057fc918d0df6619011689a5c1\">\u00bfC\u00f3mo preparo el examen de nacionalidad espa\u00f1ola?<\/h2>\n\n\n\n<div class=\"wp-block-columns is-layout-flex wp-container-core-columns-is-layout-9d6595d7 wp-block-columns-is-layout-flex\">\n<div class=\"wp-block-column is-layout-flow wp-block-column-is-layout-flow\">\n<figure class=\"wp-block-image size-full\"><img loading=\"lazy\" decoding=\"async\" width=\"1000\" height=\"662\" src=\"https:\/\/infoextranjeriazaragoza.es\/wp-content\/uploads\/2025\/01\/temario-examen-3.jpg\" alt=\"Temario ex\u00e1menes\" class=\"wp-image-63\" srcset=\"https:\/\/infoextranjeriazaragoza.es\/wp-content\/uploads\/2025\/01\/temario-examen-3.jpg 1000w, https:\/\/infoextranjeriazaragoza.es\/wp-content\/uploads\/2025\/01\/temario-examen-3-300x199.jpg 300w, https:\/\/infoextranjeriazaragoza.es\/wp-content\/uploads\/2025\/01\/temario-examen-3-768x508.jpg 768w\" sizes=\"auto, (max-width: 1000px) 100vw, 1000px\" \/><\/figure>\n<\/div>\n\n\n\n<div class=\"wp-block-column is-layout-flow wp-block-column-is-layout-flow\"><div class=\"su-box su-box-style-default\" id=\"\" style=\"border-color:#0056bc;border-radius:15px;max-width:none\"><div class=\"su-box-title\" style=\"background-color:#2D89EF;color:#FFFFFF;border-top-left-radius:13px;border-top-right-radius:13px\"><\/div><div class=\"su-box-content su-u-clearfix su-u-trim\" style=\"border-bottom-left-radius:13px;border-bottom-right-radius:13px\">Una de las preguntas que m\u00e1s nos hac\u00e9is es: \u201c\u00bfC\u00f3mo preparo el examen de nacionalidad? Para presentarse a la prueba CCSE no hace falta realizar ning\u00fan curso espec\u00edfico o utilizar alg\u00fan material en concreto.<br \/>\nEl Instituto Cervantes pone a disposici\u00f3n de los interesados, de forma gratuita, materiales para la preparaci\u00f3n de la prueba. En el siguiente enlace <strong>pod\u00e9is encontrar materiales gratuitos<\/strong> para preparar la prueba CCSE: <a href=\"https:\/\/examenes.cervantes.es\/es\/ccse\/preparar-prueba\" target=\"_blank\" rel=\"noopener\"><br \/>\n    Materiales CCSE<br \/>\n  <\/a><br \/>\nDesde mayo de 2019, tambi\u00e9n se puede prepara la prueba con la app del Instituto Cervantes. Atenci\u00f3n con la prueba DELE A2, la prueba de idioma espa\u00f1ol. El examen en mucho m\u00e1s complejo y <strong> se divide en 4 pruebas<\/strong>, cada una de las pruebas consta de varias tareas.<\/p>\n<p>En el siguiente enlace vais a encontrar una gu\u00eda que incluye entre otras la descripci\u00f3n de la estructura del examen, las pruebas de expresi\u00f3n e interacci\u00f3n orales y de expresi\u00f3n e interacci\u00f3n escrita.<a href=\"https:\/\/examenes.cervantes.es\/es\/dele\/preparar-prueba\" target=\"_blank\" rel=\"noopener\"><br \/>\n   Prueba nacionalidad<br \/>\n  <\/a><br \/>\n<\/div><\/div>\n\n\n\n<p><\/p>\n<\/div>\n<\/div>\n\n\n\n<p>Si ya tienes claro que quieres realizar las pruebas para obtener la nacionalidad espa\u00f1ola, y quieres que te ayudemos con todos los tr\u00e1mites, contacta con nosotros.<\/p>\n\n\n<div class=\"su-button-center\"><a href=\"https:\/\/infoextranjeriazaragoza.es\/index.php\/contacto\/\" class=\"su-button su-button-style-default\" style=\"color:#FFFFFF;background-color:#2D89EF;border-color:#246ec0;border-radius:11px\" target=\"_self\"><span style=\"color:#FFFFFF;padding:0px 28px;font-size:21px;line-height:42px;border-color:#6cadf4;border-radius:11px;text-shadow:none\"> Si quieres que te ayudemos, pincha aqu\u00ed<\/span><\/a><\/div>\n\n\n\n<p><\/p>\n","protected":false},"excerpt":{"rendered":"<p>\u00bfQu\u00e9 documentos necesito para preparar mi solicitud de nacionalidad espa\u00f1ola? La solicitud de nacionalidad deber\u00e1 ser acompa\u00f1ada de una serie de documentos. Los documentos de tu pa\u00eds deber\u00e1n ser traducidos al espa\u00f1ol por un traductor jurado, legalizados y apostillados con la Apostilla de la Haya.La solicitud la completamos con la acreditaci\u00f3n de buena conducta y &#8230; <a title=\"Documentos y pruebas nacionalidad\" class=\"read-more\" href=\"https:\/\/infoextranjeriazaragoza.es\/index.php\/documentos-y-pruebas\/\" aria-label=\"Leer m\u00e1s sobre Documentos y pruebas nacionalidad\">Leer m\u00e1s<\/a><\/p>\n","protected":false},"author":1,"featured_media":0,"parent":0,"menu_order":0,"comment_status":"closed","ping_status":"closed","template":"","meta":{"footnotes":""},"class_list":["post-53","page","type-page","status-publish"],"_links":{"self":[{"href":"https:\/\/infoextranjeriazaragoza.es\/index.php\/wp-json\/wp\/v2\/pages\/53","targetHints":{"allow":["GET"]}}],"collection":[{"href":"https:\/\/infoextranjeriazaragoza.es\/index.php\/wp-json\/wp\/v2\/pages"}],"about":[{"href":"https:\/\/infoextranjeriazaragoza.es\/index.php\/wp-json\/wp\/v2\/types\/page"}],"author":[{"embeddable":true,"href":"https:\/\/infoextranjeriazaragoza.es\/index.php\/wp-json\/wp\/v2\/users\/1"}],"replies":[{"embeddable":true,"href":"https:\/\/infoextranjeriazaragoza.es\/index.php\/wp-json\/wp\/v2\/comments?post=53"}],"version-history":[{"count":8,"href":"https:\/\/infoextranjeriazaragoza.es\/index.php\/wp-json\/wp\/v2\/pages\/53\/revisions"}],"predecessor-version":[{"id":506,"href":"https:\/\/infoextranjeriazaragoza.es\/index.php\/wp-json\/wp\/v2\/pages\/53\/revisions\/506"}],"wp:attachment":[{"href":"https:\/\/infoextranjeriazaragoza.es\/index.php\/wp-json\/wp\/v2\/media?parent=53"}],"curies":[{"name":"wp","href":"https:\/\/api.w.org\/{rel}","templated":true}]}}